emainder when 236 is divided by r/5*(-805)/46.
12
Let u be 1031/(-4) + (-3)/(-12)*-1. Calculate the remainder when (u/(-4))/((-63)/(-84)) is divided by 87/4 - (-1)/4.
20
Let q = 31 + -14. Suppose -530 + 179 = 39*t. Let l = t + q. Calculate the remainder when l is divided by 4.
0
Let b = -18 - -43. Let r(i) = -5*i**2 - 971*i + 83. Calculate the remainder when r(0) is divided by b.
8
Let g(s) = -1065*s + 72. Let t be g(8). Calculate the remainder when (t/(-8))/4 + (0 - 0) is divided by 14.
12
Let i(s) = 5*s**2 + 2*s. Let d be i(-3). Let x = 66 - d. Let p = x + -18. What is the remainder when 71 is divided by p?
8
Suppose 70*b = -15*b - 156995. Let a = b + 1901. What is the remainder when a is divided by ((-19)/2)/((-3)/6)?
16
Let a be 265/3 - 24/72. Calculate the remainder when 6056/a - (-4)/22 is divided by 19.
12
Suppose -41*a + 17858 = 12569. What is the remainder when 509 is divided by a?
122
What is the remainder when 1186 is divided by 25 - 2*(9 + -14)?
31
Let y be 2/4 + (1/2 - -1). Let f be (11 + -11)*y/4. Suppose 24 = w - f. What is the remainder when 44 is divided by w?
20
Let j = -6892 - -7708. What is the remainder when j is divided by 21?
18
What is the remainder when (-54)/837 + (-76634)/(-31) is divided by 25?
22
Let y(u) = -167*u + 482. What is the remainder when 955 is divided by y(1)?
10
Let b(c) = -127*c - 11737. Calculate the remainder when 812 is divided by b(-93).
72
Let i(p) = 7*p + 2. Let a be i(0). Suppose 2*j + a*j = -3*n + 269, 4*n + 118 = 2*j. What is the remainder when j is divided by 27?
11
Suppose 604 = 3*t + 5*g, 7*g = -156*t + 158*t - 444. Calculate the remainder when t is divided by 6.
4
Suppose -z = 5*v - 40, 7*z + 32 = v + 12*z. Calculate the remainder when 778 is divided by v.
1
Let m(u) = -1867*u + 70. Let v be m(-2). Calculate the remainder when v/96 - (-9)/24 is divided by 21.
19
Suppose 4*w = 8*s + 80, -5*w + 52 = -0*s - 2*s. Calculate the remainder when 327 is divided by w.
7
Let q = 131 - 124. Suppose -5*j + 50 = 5*h, 2*h - q + 20 = j. What is the remainder when 338 is divided by j?
8
Let v = 31 - 18. What is the remainder when (-348)/(-1160) - (-4002)/60 is divided by v?
2
Let n = 18982 + -18961. What is the remainder when 72 is divided by n?
9
Calculate the remainder when ((-6)/(-11 - 7))/(4/7104) is divided by 155.
127
Suppose 10*f + 2*f - 89825 = 11983. What is the remainder when f is divided by 123?
120
Let n = 59 - 54. Suppose -4*m - 53 = -3*o, 35 = 3*o - 0*o + n*m. Let y(r) = r**2 + 6*r + 9. Calculate the remainder when o is divided by y(-6).
6
Let u(w) = -6*w**3 + 2*w**2 + 3*w + 1. Suppose -z = -3*s + 10, 2*z = -5*s + 1 + 1. What is the remainder when u(z) is divided by 24?
21
Suppose 0*u - 2*t = 3*u - 71, 4*t = -5*u + 117. Let f be ((-2)/u)/((-5)/25)*-5. What is the remainder when 166 is divided by f/(-12) + (1 - (-1225)/30)?
40
Suppose 96*t - 5*p - 4660 = 91*t, 8*t + 2*p - 7446 = 0. What is the remainder when t is divided by 60?
31
Let b(l) = 56*l**2 - 62*l + 229. Calculate the remainder when b(4) is divided by 80.
77
Let l(v) = -v**3 - 21*v**2 + 6. Suppose -2*x = 3*x. Let k(s) = -s**2 + s - 21. Let p be k(x). What is the remainder when l(p) is divided by 3?
0
Suppose -4*q = 3*c - 840, -17015*q - 4*c + 1050 = -17010*q. What is the remainder when q is divided by ((-2)/4)/(3/(-258))?
38
Let h be (-314)/(-4) - 21/42. Suppose 5*r + 68 = h. Suppose -5*k = -r*c + 61, k + 1 = -0. Calculate the remainder when 81 is divided by c.
25
Let l = -56 - -280. Suppose -2*s = 2*g - l, -4*s - 3*g = -47 - 402. What is the remainder when s is divided by 23?
21
Let i = 57 - 37. What is the remainder when (3/4)/(3/144) is divided by i?
16
Suppose -5*w - 6*k + 4*k = -68, 0 = 2*w + k - 28. Suppose -2*y + l = 0, -3*y + 4*y = 3*l. What is the remainder when ((-90)/(-60))/(y + 6/128) is divided by w?
8
Let x = -2 + 4. Let c = 85 - 86. What is the remainder when (c - 2/10)/(18/(-60)) is divided by x?
0
Let j = -13554 - -13876. What is the remainder when 558 is divided by j?
236
Suppose 252 = -11*p + 47*p. Suppose 2*b = -2*b - 216. Let r = 75 + b. What is the remainder when r is divided by p?
0
Let f(s) = -s**3 - 7*s**2 + s + 14. Let h be f(-8). Let z = h + -62. Suppose 0 = -r + 2 + z. Calculate the remainder when 28 is divided by r.
8
Suppose 4*s + 5 = -3, -334 = -5*b - 3*s. Suppose -2*a - b = -328. Calculate the remainder when a is divided by 33.
31
Suppose 2*m - 278*i + 281*i = 32, 0 = 3*m + 4*i - 52. Suppose 2*o = -5*a + 2365, -3*a - 4*o + 1968 = 549. What is the remainder when a is divided by m?
25
Let o be (-244)/((-782)/(-1870) - 3/5). Suppose 0 = -44*u - o + 10890. What is the remainder when u is divided by 113?
104
Let f = 77 + -1. Suppose 3*h + 52 = f. Suppose -2*v + n - 119 = -6*v, 2*v - 47 = -3*n. Calculate the remainder when v is divided by h.
7
Let i be 4 + (-5)/((-10)/34). Suppose -22*l + i*l = -4. Suppose l*o - 163 = 45. What is the remainder when o is divided by 27?
25
Let l(s) = s**2 + 5*s + 20. Let z(b) = -b**2 + 2*b + 5. Let d be z(-3). What is the remainder when ((-185)/d)/((-2)/(-4)) is divided by l(-5)?
17
Let m = -29 + 29. Let r(v) = -2 + 2*v - 7*v + m + 16*v. Calculate the remainder when r(5) is divided by 28.
25
Let j = 4364 - 4086. What is the remainder when j is divided by 61?
34
Suppose -5932*g + 5926*g = -252. What is the remainder when 67 is divided by g?
25
Let w(c) = -c**3 - 17*c**2 + 32*c - 3. What is the remainder when w(-20) is divided by 20?
17
Let l be (5/5)/(1/9). Let q(a) = 12*a - 42. Let d(r) = r - 1. Let x(p) = l*d(p) - q(p). What is the remainder when 59 is divided by x(4)?
17
Let t = -286 + 185. Suppose 0 = -4*v + 4*p - 380, -2*p = 5*v + 259 + 188. Let l = v - t. Calculate the remainder when 25 is divided by l.
5
Suppose -12*z - 6 = -b - 11*z, -2*b - z + 15 = 0. Calculate the remainder when 76 is divided by b.
6
Let q = -48 - -48. Suppose q = -7*r + 40 - 502. What is the remainder when (r/(-15))/(1/5) is divided by 8?
6
Let b = 7666 + -7610. Calculate the remainder when b is divided by 34.
22
Suppose -63*h - 2076 = -57*h. Let g = -286 - h. Calculate the remainder when g is divided by 23.
14
Let i(n) = 5*n - 11. Suppose 4*v - 130 = 6. Suppose 5*h - 135 = 2*c, -3*h + 46 = -c - v. Calculate the remainder when i(17) is divided by h.
24
Let r = -700 + 764. Suppose r*c = 51*c + 364. Calculate the remainder when 220 is divided by c.
24
Suppose 13*f - 11*f - 514 = 0. Let q(d) = 64*d - 44. Calculate the remainder when f is divided by q(1).
17
Let a = 377 - 263. Let w = -81 + a. What is the remainder when w is divided by 13?
7
Let f = -1875 + 2018. What is the remainder when f is divided by 126?
17
Let f = -1244 - -1336. Calculate the remainder when 8555 is divided by f.
91
Let y be (-2 - 1*-3*11)*1. Let c(q) = -9*q + 17*q**2 - 7*q + y - 18*q**2 + 4*q. Calculate the remainder when 9 is divided by c(-14).
0
Suppose 0 = 2*p + 6 + 2. Let a = 244 - 210. Calculate the remainder when a is divided by (-1)/p - (-150)/8.
15
Suppose k - 4*z + 61 = 146, -3*z + 402 = 5*k. What is the remainder when 1308 is divided by k?
12
Suppose -v = -f + 4, 3*v + 6 = -2*f - 11. Calculate the remainder when (f/(1/1))/(14/(-546)) is divided by 29.
10
Calculate the remainder when -3351*((-7)/84)/((-9)/(-36))*2 is divided by 61.
38
Let h(d) = -221*d + 512. Calculate the remainder when 79 is divided by h(2).
9
Let k = -1670 + 1859. Calculate the remainder when 305 is divided by k.
116
Let u = 29 + -86. Calculate the remainder when 384 is divided by ((-2)/(4/(-14)))/(u/(-627)).
76
Suppose 3325*l - 3335*l = -140. What is the remainder when 7824 is divided by l?
12
Let g = 119 - -313. Let z = g + -374. Calculate the remainder when 168 is divided by z.
52
Let l = 4523 + -4188. Calculate the remainder when 1009 is divided by l.
4
Suppose -4*p = -k - 14 - 0, 3*k - 2 = p. Suppose 0 = 2*b + 2*x - 5*x - 104, -5*x = p*b - 252. What is the remainder when b is divided by 5?
3
Let b = -2746 + 2894. What is the remainder when 31967 is divided by b?
147
Let p(g) = -g**3 + 2*g + 2. Let x be p(-3). Suppose -x = -4*r + 233. Suppose 3*l = 5*l - r. What is the remainder when l is divided by 20?
12
What is the remainder when 176 is divided by 8/16 - (340/(-10) - (-1)/2)?
6
Suppose 4*h - 63*x - 1040 = -59*x, 0 = h + 3*x - 264. What is th